- 10 = 5*t, 0 = 3*t + 4*m - 7*m - 21. Let h(o) = -3*o**3 + 2*o**2 - 2*o - 1. Give h(t).
-21
Let j(x) be the third derivative of x**9/60480 - x**7/5040 + 7*x**6/360 + x**5/60 + 11*x**2. Let a(y) be the third derivative of j(y). What is a(0)?
14
Let n(o) = 91 + 2*o - 101 - 9*o + 8*o. Calculate n(5).
-5
Let p = 242 + -7. Let x(z) = 235 - 8*z - p + 4*z. Suppose 5*h + 3 = -2. Calculate x(h).
4
Let w(j) = j**3 - 5*j**2 - 3*j - 15. Let t = 1345 - 1339. Give w(t).
3
Let d(l) = -3*l - 5. Suppose -7*q + 44 = 2. Suppose -q = -s - s - 5*m, -8 = s - 3*m. Let v be d(s). Let h(n) = -5*n + 1. Give h(v).
-4
Let u(i) = i**3 - 4*i**2 + 2*i - 4. Suppose 9*r - 14*r = -15. What is u(r)?
-7
Let n(l) be the first derivative of l**3 - 2*l**2 + 3*l + 3. Let q = 12 - 7. Suppose q*t + 5*x + 5 = 0, -5*t + 3*x = -t - 17. What is n(t)?
7
Let c(p) be the first derivative of p**3/3 - p**2 + 3*p - 6. Let h(j) = -26*j**3 - j**2. Let f be h(1). Let o = 29 + f. What is c(o)?
3
Let z(d) = -2*d**3 + 3*d**2 + 2*d + 1. Let c(o) = 3*o**3 - 2*o**2 - o - 2. Let k(m) = 3*c(m) + 4*z(m). Let r = 5 + 10. Suppose -w = 20 - r. Give k(w).
-2
Let a(k) = 67*k - 13*k + 15 - 52*k. Calculate a(-4).
7
Let s(b) = 2*b**2 - 37*b + 1. Let c(r) = -r**2 + 24*r - 1. Let i(q) = 8*c(q) + 5*s(q). Give i(-6).
27
Let b(f) = f - 1. Let v(u) = -5*u**2 - u**3 + u**2 + 0 + 12*u + 2. Let n(x) = 5*b(x) - v(x). Calculate n(-5).
3
Let j be (5/(-10))/(2/56). Let x = -12 - j. Suppose b + x*b + 18 = 0. Let d(s) = -s**3 - 5*s**2 + 7*s + 5. Determine d(b).
-1
Let x(r) = r**2 + 6*r - 8. Suppose -19 = 3*s + 2*f, 5*s + 2*f + 17 = -12. Determine x(s).
-13
Let p(a) = 4*a**2 + 3*a - 7. Let j = 5 + 1. Let q = j + -5. Let b(i) = -i**2 + 1. Let c(u) = q*p(u) + 6*b(u). Calculate c(2).
-3
Let c(k) = -k**3 - 6*k**2 - 4*k + 2. Let u(g) = -g**2 - 5*g + 62. Let t be u(-11). What is c(t)?
-14
Let i(m) = 44*m + 40*m - 131*m - 4 + 49*m. Let q(h) = -h + 15. Let k be q(0). Let p be ((-9)/k)/(2/(-10)). Give i(p).
2
Let c(f) = -f**3 - 5*f**2 - 2*f + 8. Let o(x) = x**2 - 3*x - 112. Let s be o(-9). Give c(s).
0
Let f(s) = -s**2 - 5*s + 5. Let m be 2/17 - (-384)/204. Calculate f(m).
-9
Let a(t) be the third derivative of -t**7/252 + t**6/720 + 7*t**5/60 - 2*t**2. Let q(h) be the third derivative of a(h). Give q(1).
-19
Let a be (4 + 9 - -3) + 0. Suppose 4*i + 22 = 3*n, -2*n + 2*i + a = -i. Let y(s) = s**2 - s + n + 2 - 4*s. Determine y(4).
0
Let x(o) = -19*o**2 - 63*o - 48. Let c(h) = 7*h**2 + 21*h + 17. Let w(r) = 11*c(r) + 4*x(r). Determine w(22).
17
Let n(a) = 3*a**2 - 3*a - 2. Let m = 88 - 8. Let p = 78 - m. What is n(p)?
16
Let t(c) = 12*c + 27. Let x(y) = -y - 2*y - 487 + 480. Let l(q) = 4*t(q) + 15*x(q). Give l(-6).
-15
Let u be ((-5)/(-15)*9)/1. Let t be u*3*(-2)/9. Let f(z) = z. Calculate f(t).
-2
Let g(n) = 2*n**2 - 50*n + 275. Let z be g(15). Let l(i) = -i**3 - 24*i**2 + 23*i - 44. What is l(z)?
6
Let m(w) = -w**2 + 5*w - 4. Let j(t) = -3*t**2 + 4*t - 1. Let k be j(-3). Let n be (k/16)/(3/(-6)). Calculate m(n).
-4
Suppose 0 = 27*d + 1 + 80. Let w(f) = 2*f**2 + 2*f - 3. What is w(d)?
9
Let l(f) = -f - 11. Let x(t) = 6*t + 59. Let s(p) = -5*l(p) - x(p). Suppose 0 = 2*d - 4*m - 8, 5*d + 6 = -2*m + 2. What is s(d)?
-4
Let d = 25 + -25. Suppose d*f - 10 = -2*f. Let i(x) = x + 5. Calculate i(f).
10
Suppose 40 - 31 = 3*l. Let h(r) = 1 - 9*r - 2 + l*r. What is h(1)?
-7
Let d(w) be the third derivative of 0*w + 0 - 5/3*w**3 - 1/24*w**4 + 8*w**2. Calculate d(-7).
-3
Let b(v) = 51 + v - 3*v**2 - 2*v - 49 + 2*v**2. What is b(-5)?
-18
Let c be -5 + (-9)/(-2 - 1). Let n(b) = 3*b - 3. Calculate n(c).
-9
Let m(u) = u**2 + 21. Let q be m(0). Suppose -r + q = -4*r. Let x(f) be the second derivative of f**3/2 + 3*f**2 + 41*f. Give x(r).
-15
Suppose 2*k = 4*k - 16. Suppose -6*l = -2*l - k. Let z(s) = 2 + s - 4*s**l + 2*s**3 - 4*s**3 - s**3 + 2*s**3. Calculate z(-4).
-2
Let c(a) = a**3 + 7*a**2 + 7*a + 3. Let x(g) = g**2 + 11*g - 23. Let l be x(-13). Suppose 9*s + 57 = l. Calculate c(s).
-3
Let n = -102 + 117. Let i(v) = v**2 - 15*v - 4. Calculate i(n).
-4
Suppose -2*s - 1 = -d, -5*s - 2*d + 3*d - 4 = 0. Let z be 84/(-35)*(-10)/3. Let c(b) = -5 + z*b + 2 + 3*b + 2. Give c(s).
-12
Let g(d) = -3*d - 9. Let z be (12/9 + -1)*(-33 + 15). Give g(z).
9
Let h(u) = -u - 9. Let g be h(-7). Let d(v) = -25*v**2 + 18*v - 25. Let q(b) = 19*b**2 - 14*b + 19. Let j(l) = -10*d(l) - 13*q(l). Determine j(g).
11
Let t(w) be the second derivative of -w**6/120 + w**5/30 + w**4/6 + 12*w. Let i(j) be the third derivative of t(j). Determine i(4).
-20
Let p = -6 + 7. Let w(y) be the second derivative of y**4/12 - y**3/3 + y**2/2 - 252*y. Determine w(p).
0
Suppose -4*g + 3*i + 21 = 6*i, -3 = 3*g - 4*i. Suppose -2*r + r = 4*c - 6, 8 = g*r + 2*c. Let u(a) = -3*a - a + r*a + 0*a. Calculate u(-1).
2
Let k(s) be the second derivative of 0 + 0*s**2 - 10*s - 8/3*s**3. What is k(1)?
-16
Let i(k) = -k - 11. Let h(w) = -2*w - 26. Let n be h(-9). Calculate i(n).
-3
Let l(t) = 46*t**2 - t - 100*t**2 + 47*t**2. Give l(-1).
-6
Let r(o) = -46*o + 12. Let n be r(0). Let b(f) = f**2 - 9*f - 41. Calculate b(n).
-5
Let s be 96/(-15) + (-4)/(-10). Let c(y) = -2*y - 11. Let i(x) = -2*x - 13. Let l(q) = -5*c(q) + 4*i(q). Calculate l(s).
-9
Let n be 1 + -6 + 0/(-2). Suppose -5*o + 0 = -10. Let w(m) = 5 - m**3 + 3*m - 6 + o - 6*m - 6*m**2. Give w(n).
-9
Let y(h) = 127*h**3 - 49*h**2 - 8*h + 11. Let x(g) = 32*g**3 - 13*g**2 - 2*g + 3. Let k(c) = 15*x(c) - 4*y(c). What is k(-1)?
28
Let l(f) be the first derivative of -1/4*f**4 + 21 + 12*f + f**2 - 3*f**3. What is l(-9)?
-6
Let z = 7 + 6. Let m(j) = -j**2 + 13*j + 1. What is m(z)?
1
Let x(j) = 6*j. Let m(i) = -7*i + 1. Let n(z) = 3*m(z) + 4*x(z). Let a(v) = 119*v - 122*v - 2*v**3 - 5 - 15 - 12*v**2 + 0. Let h be a(-6). What is n(h)?
-3
Suppose 4*g = -2*l - 16, -40 + 27 = 2*l + g. Let m(o) = o**2 + 5*o - 12. What is m(l)?
-6
Suppose -56 + 221 = 5*f. Let q = f + -9. Let y = -25 + q. Let r(t) = -6*t**3 - 2*t**2 - t. Give r(y).
5
Let r = -369 + 368. Let i(v) = -8*v**3 - 2*v**2 - 3*v - 2. Give i(r).
7
Let o = 18 - -14. Suppose 4*f - 5*m - o = 0, -4*m = 5*f - 0 + 1. Let v(r) = 3*r - 3*r - 1 + 2*r. Give v(f).
5
Let m(p) = 4*p**2 - p + 4. Let o(w) be the third derivative of w**5/20 + w**3/2 - 5*w**2. Let r(z) = -2*m(z) + 3*o(z). Give r(-3).
4
Let z(s) be the third derivative of -s**5/120 - s**4/2 - 3*s**3 - 11*s**2. Let n(d) be the first derivative of z(d). Calculate n(-8).
-4
Let r(y) = -2*y**3 + y**2 + y - 2. Let t be -2 - 0 - (-198)/9. Suppose 5*d - 2*s = 18, -4*d + t = 4*s - 7*s. Calculate r(d).
-12
Suppose -5*x + 8 + 1 = b, -2*x = b. Let o(z) = z**2 + 8*z + 2. What is o(b)?
-10
Let w(i) = -4*i**2 - 26*i + 13. Let m be w(-7). Let h(l) = -11*l + 1. Let u(f) = 10*f - 1. Let y(r) = 4*h(r) + 5*u(r). What is y(m)?
-7
Let d(t) be the second derivative of 1/2*t**2 - 2*t + 0 + 1/6*t**3. Let n(f) = -f**3 - 7*f**2 - 7*f - 3. Let i be n(-6). What is d(i)?
4
Let p(x) be the third derivative of -x**4/24 - 8*x**3/3 - x**2. Let n(o) = 3*o**2 + 7*o + 8. Let m be n(-3). Let h = 14 - m. Determine p(h).
-16
Let b(z) be the first derivative of -z**3/3 + 7*z**2/2 + 12*z + 424. Give b(9).
-6
Let f(k) be the third derivative of k**6/120 - k**5/12 - 5*k**4/24 + 7*k**3/6 - 13*k**2. Suppose 11 - 31 = -5*v. Suppose -3*q + v = -14. What is f(q)?
13
Suppose -2*p = 4*o - 10, 2*o = o. Suppose -5*r + 2*g = -1, -g - 4 - 2 = 3*r. Let l be (1 - 3) + r + p. Let y(n) = -n**3 - n + 2. Give y(l).
-8
Let y(p) = -p - 7 + p - 3*p + p. Let n = -14 + 38. Suppose -2*q + 3*c = -5*q - n, 25 = -4*q + 3*c. What is y(q)?
7
Let l(j) = j**2 + 12*j + 17. Suppose -2*v + 6*n = 5*n + 15, 4*n = 3*v + 10. Calculate l(v).
-3
Let s(x) be the second derivative of -x**5/20 + 3*x**4/4 + 5*x**3/6 - 5*x**2 + 4*x + 1. Determine s(9).
35
Let g(c) = c**2 - c - 1. Let r(a) = 4*a + 6. Let i(n) = 9*n + 12. Let k(z) = 2*i(z) - 5*r(z). Let d be k(-4). Determine g(d).
1
Let n(x) = -10 - 3*x**2 - 7*x + 8*x**2 - 3*x - x**3 + 2*x**3 + 3*x**2. What is n(-9)?
-1
Let s(l) = -l - 2. Let j(q) = 39*q - 355. Let c be j(9). Calculate s(c).
2
Let z(n) = n**3 - 5*n**2 + 6*n - 1. Let s be z(3). Let p(w) be the third derivative of -2*w**2 + 0 + 0*w + 0*w**4 + 2/15*w**5 + 1/6*w**3. Determine p(s).
9
Let d = -47/72 - -7/9. Let r(t) be the third deri